r of 18 and 56742612?
6
What is the highest common divisor of 94570 and 14027240?
1930
What is the highest common factor of 255 and 18928905?
255
What is the greatest common divisor of 305 and 2770498?
61
Calculate the greatest common factor of 3866 and 84725323.
1933
What is the highest common factor of 30 and 6112782?
6
What is the greatest common factor of 50 and 287868610?
10
Calculate the greatest common divisor of 6 and 49409808.
6
What is the greatest common factor of 1108003 and 1495?
13
What is the greatest common divisor of 3818 and 5783191?
83
What is the greatest common divisor of 549 and 171531?
9
Calculate the greatest common factor of 3 and 96947295.
3
Calculate the greatest common factor of 112141029 and 3839.
3839
Calculate the highest common factor of 15851737 and 517.
517
What is the greatest common factor of 96 and 57188964?
12
Calculate the highest common factor of 19614167 and 2168.
271
What is the greatest common divisor of 161105813 and 64251?
7139
Calculate the greatest common factor of 35628219 and 88.
11
What is the greatest common factor of 1153079312 and 1232?
1232
Calculate the highest common factor of 1948056 and 66.
66
Calculate the greatest common divisor of 21273829 and 53.
53
What is the greatest common factor of 780933 and 209207?
1597
What is the highest common factor of 2440 and 1378112?
488
Calculate the greatest common factor of 5 and 17802635.
5
What is the highest common factor of 717990 and 44070?
390
What is the greatest common factor of 1216 and 470140864?
1216
Calculate the highest common factor of 50433180 and 14420.
140
Calculate the greatest common factor of 11765355 and 22428.
1869
Calculate the greatest common divisor of 2990 and 21180432.
26
What is the greatest common divisor of 12627474 and 2594481?
14997
What is the highest common divisor of 8330142 and 15?
3
What is the greatest common divisor of 22429 and 279323?
11
Calculate the highest common factor of 945 and 2881550.
35
Calculate the greatest common factor of 297560 and 1976710.
430
What is the greatest common factor of 307790 and 308?
14
What is the greatest common factor of 57594 and 10065048?
1986
Calculate the greatest common divisor of 350449420 and 60.
20
Calculate the highest common divisor of 401956 and 1672492.
1268
What is the greatest common divisor of 59822880 and 19760?
1040
What is the greatest common factor of 17 and 3986483?
17
What is the greatest common divisor of 33775866 and 45?
9
Calculate the greatest common factor of 4263984 and 6120.
72
Calculate the highest common divisor of 258234507 and 1221.
111
Calculate the highest common factor of 2765 and 388988495.
2765
Calculate the greatest common divisor of 3485 and 6344545.
205
What is the greatest common divisor of 92426 and 41207008?
2498
What is the highest common factor of 3511575 and 1125?
225
Calculate the highest common divisor of 4063000 and 750.
250
Calculate the greatest common divisor of 2456492 and 2484.
92
Calculate the highest common divisor of 274248933 and 17346.
8673
Calculate the highest common factor of 84 and 30622086.
6
What is the greatest common factor of 855 and 113860?
5
Calculate the greatest common divisor of 3468528 and 81984.
336
What is the highest common divisor of 18005 and 5202060?
1385
Calculate the greatest common divisor of 1500 and 939100.
100
Calculate the greatest common factor of 2105010 and 78318.
342
What is the highest common factor of 2482092 and 1476?
36
What is the highest common divisor of 204 and 1361930826?
102
Calculate the greatest common factor of 945 and 118418895.
945
What is the highest common divisor of 6182970 and 78690?
1290
What is the highest common factor of 4608076 and 836?
44
What is the greatest common divisor of 670545 and 2565?
135
What is the greatest common divisor of 13706 and 1158542?
154
What is the highest common divisor of 41613384 and 1136?
568
What is the highest common divisor of 82104 and 781?
11
Calculate the greatest common factor of 107 and 4802909.
107
What is the highest common factor of 40673792 and 7168?
512
What is the greatest common factor of 6516488 and 680?
8
What is the greatest common divisor of 43869 and 85827?
21
Calculate the highest common divisor of 7946788 and 56544.
2356
What is the greatest common factor of 6867 and 34340341?
763
Calculate the greatest common factor of 502465624 and 444.
148
Calculate the greatest common divisor of 11215075 and 2390.
1195
Calculate the highest common divisor of 106 and 97882.
2
Calculate the highest common divisor of 661044241 and 572.
143
What is the highest common factor of 4350 and 16985010?
870
What is the highest common divisor of 25 and 8419225?
25
What is the greatest common divisor of 299 and 10058971?
13
What is the greatest common factor of 31374 and 1838118?
498
What is the highest common divisor of 41514 and 4962810?
3774
Calculate the highest common factor of 10005 and 26858640.
435
What is the greatest common divisor of 59541915 and 1062?
177
Calculate the greatest common divisor of 4516 and 9716.
4
What is the highest common divisor of 6594 and 10878?
42
Calculate the highest common factor of 15505 and 370002460.
2215
What is the highest common divisor of 23640 and 9280?
40
What is the highest common divisor of 420 and 145975620?
420
Calculate the greatest common factor of 1401752 and 132.
44
Calculate the greatest common factor of 2283 and 165451293.
2283
What is the highest common factor of 10 and 17053030?
10
What is the highest common factor of 295606 and 4758?
122
Calculate the greatest common divisor of 31920 and 1074830.
190
What is the greatest common factor of 124108185 and 15?
15
What is the greatest common divisor of 490416 and 376584?
408
What is the greatest common divisor of 83105 and 218515?
55
Calculate the highest common divisor of 391 and 4611913.
17
What is the highest common divisor of 203785355 and 95?
95
Calculate the greatest common divisor of 39249 and 15463.
7
What is the highest common factor of 3 and 2012913834?
3
What is the highest common factor of 10397 and 1908552?
281
Calculate the highest common factor of 603124 and 21484.
524
What is the greatest common divisor of 1166583825 and 1342?
671
What is the greatest common divisor of 461800 and 50200?
200
What is the highest common factor of 2947324 and 148274?
3026
What is the greatest common divisor of 40 and 51903848?
8
What is the greatest common divisor of 3528 and 26691084?
1764
What is the greatest common divisor of 826 and 5577838?
14
Calculate the highest common factor of 4 and 50258882.
2
Calculate the greatest common factor of 122466948 and 89881.
8171
What is the highest common factor of 42 and 116633664?
42
Calculate the greatest common factor of 10488314 and 229274.
3886
What is the highest common factor of 95821 and 269?
1
Calculate the highest common factor of 22542 and 1264086.
1734
What is the greatest common factor of 31414839 and 16?
1
Calculate the highest common divisor of 1 and 1119443.
1
What is the greatest common divisor of 71730 and 20610?
90
What is the highest common factor of 3850 and 27756575?
1925
Calculate the greatest common divisor of 7761330 and 630.
90
What is the highest common divisor of 49021 and 49484092?
1043
What is the highest common factor of 570 and 1555035?
15
What is the highest common divisor of 658 and 50913737?
329
What is the highest common factor of 10 and 340155?
5
What is the highest common divisor of 20 and 62021345?
5
What is the highest common divisor of 4372162 and 54740?
782
Calculate the greatest common factor of 554055 and 3333360.
645
Calculate the highest common factor of 9232635 and 9.
3
Calculate the greatest common factor of 138481 and 44986.
271
Calculate the highest common factor of 8944 and 202358.
1118
What is the highest common factor of 38492 and 548?
4
Calculate the greatest common divisor of 196 and 25128236.
28
What is the greatest common factor of 16093567 and 4445?
889
What is the highest common divisor of 1730641 and 48994?
1441
What is the highest common divisor of 206878 and 931?
49
Calculate the highest common factor of 2005 and 9370969.
401
What is the greatest common divisor of 287424098 and 26?
26
What is the highest common divisor of 23418544 and 82?
82